is -33 + 32552062?
32552027
In base 11, what is -11a09 + 1011?
-109a8
In base 11, what is 4558 - 1a59?
25aa
In base 9, what is 2 + 3013076?
3013078
In base 16, what is 26ac95f - -3?
26ac962
In base 10, what is -6 + 60143986?
60143980
In base 9, what is -542 - 80221?
-80763
In base 4, what is -131000021 - 1000?
-131001021
In base 4, what is -2332232131100 + -20?
-2332232131120
In base 5, what is -1 + 104113412040?
104113412034
In base 15, what is -4 + -b9b1c6?
-b9b1ca
In base 7, what is -214 - 5566326?
-5566543
In base 10, what is -6359 + -23671?
-30030
In base 4, what is 131333 - 22333?
103000
In base 13, what is -b6c6a6 - -3?
-b6c6a3
In base 3, what is -100101 - 12001220201122?
-12001221002000
In base 10, what is 566141 - -1?
566142
In base 6, what is -1050 - 23451?
-24541
In base 12, what is -51a + -10556?
-10a74
In base 9, what is 135281723 - -5?
135281728
In base 14, what is -532a8 - 327?
-535d1
In base 6, what is 154450 + 13044?
211534
In base 8, what is -2 + 41343042?
41343040
In base 2, what is -10101 - -10000000011011110010100?
10000000011011101111111
In base 6, what is -15 - -40102213?
40102154
In base 10, what is -12 + 500571?
500559
In base 6, what is -41544 - -444343?
402355
In base 11, what is 1 - -43a8731?
43a8732
In base 10, what is 21934 - 9941?
11993
In base 6, what is 134 + -1025300?
-1025122
In base 10, what is 0 - 17920725?
-17920725
In base 16, what is 597 + 26d?
804
In base 7, what is 2 + 3205203522?
3205203524
In base 5, what is 3 - 4134323214?
-4134323211
In base 16, what is 17 + 3eb49?
3eb60
In base 4, what is -22020 - 12120301?
-12202321
In base 15, what is 4 + -4992cc?
-4992c8
In base 3, what is 0 - 2112201200000011?
-2112201200000011
In base 9, what is 1274036 + -1?
1274035
In base 12, what is -3369b4 - 16?
-336a0a
In base 6, what is 1152 - -135332?
140524
In base 9, what is 71324 + 3845?
75270
In base 5, what is 1330134304 + -113?
1330134141
In base 10, what is -27 + -5867763?
-5867790
In base 8, what is -77607 - -2400?
-75207
In base 9, what is -750248370 + -3?
-750248373
In base 2, what is 101001010 - 11011010010100101?
-11011001101011011
In base 6, what is -5044521 + 1244?
-5043233
In base 12, what is 3 - 216699?
-216696
In base 12, what is 12b102 + 38?
12b13a
In base 11, what is 1713 - 1a344?
-18731
In base 12, what is 1ba13 + a81?
20894
In base 3, what is -110220102 - 1111110120?
-1222100222
In base 16, what is 12e0 - 4e72?
-3b92
In base 3, what is -220 + 121211001021?
121211000101
In base 4, what is -1101321220 + 1201?
-1101320013
In base 15, what is -1628a2 + 1?
-1628a1
In base 7, what is 143 + 444010?
444153
In base 10, what is 96 - -20300?
20396
In base 4, what is -303132 + -101220211?
-102130003
In base 7, what is 4315343 + -232?
4315111
In base 15, what is -154d + -12620?
-13b6d
In base 12, what is 22 - -54b876?
54b898
In base 11, what is -12 + -584612?
-584624
In base 6, what is -1 - 502305?
-502310
In base 11, what is 7 + -79334a0?
-7933494
In base 4, what is 1032203011033 - -113?
1032203011212
In base 5, what is -214011200 - 20?
-214011220
In base 14, what is 3 + -641a962?
-641a95d
In base 4, what is 2310 + -2300321?
-2232011
In base 6, what is 35 - -31351102?
31351141
In base 6, what is -104203254 - -3?
-104203251
In base 16, what is e5 + 3b3b?
3c20
In base 15, what is 2ce019 + -2?
2ce017
In base 5, what is 3130442 + 1122?
3132114
In base 9, what is 6123 - 2034?
4078
In base 8, what is -44173 + -3404?
-47577
In base 7, what is -10 - -6603011?
6603001
In base 9, what is 608588185 - -3?
608588188
In base 15, what is 6 + 93ddb82?
93ddb88
In base 2, what is 111001010011111101100011 - 11?
111001010011111101100000
In base 2, what is 111111000010010011 - 10001111?
111111000000000100
In base 5, what is 11003422 + -134?
11003233
In base 3, what is 10120 - -10000020222020?
10000021002210
In base 4, what is -301321 + 1030113?
122132
In base 11, what is 120574 + 18?
120591
In base 11, what is 14 + 958523?
958537
In base 6, what is -110 - -21253?
21143
In base 5, what is 1200414110 + -44?
1200414011
In base 13, what is -2 + -5872b0?
-5872b2
In base 8, what is 5760 - 7026?
-1046
In base 11, what is 524929 + 21?
52494a
In base 14, what is 4cd99 + -71?
4cd28
In base 12, what is 50 + 613330?
613380
In base 6, what is 250 + 24130505?
24131155
In base 10, what is 419 - -28884?
29303
In base 3, what is 102212122012202 - 202?
102212122012000
In base 2, what is 101011101110011001010111111011 + -10?
101011101110011001010111111001
In base 14, what is 3 - 11691aa?
-11691a7
In base 5, what is 2134 + -134401433?
-134344244
In base 10, what is 1744752 + 199?
1744951
In base 2, what is 101101 + 1101100000000101?
1101100000110010
In base 13, what is -14 - -103b19?
103b05
In base 2, what is 110010111 - -110001010011000?
110010000101111
In base 9, what is 14683155 + -1?
14683154
In base 3, what is -2200011202210101 + 11?
-2200011202210020
In base 3, what is -1102200121222201 - 0?
-1102200121222201
In base 9, what is -32 + 50225271?
50225238
In base 15, what is -11b - -5aa?
48e
In base 13, what is 744 + 20b6?
282a
In base 2, what is -1011111010101 + -101010011?
-1100100101000
In base 7, what is 103653 + 50000?
153653
In base 6, what is 45100440 - -512?
45101352
In base 16, what is 58c6de + 0?
58c6de
In base 5, what is 4 - -21003030?
21003034
In base 7, what is 204 - 60145?
-56641
In base 7, what is 1 - 120664461?
-120664460
In base 4, what is 2 + -101222031031?
-101222031023
In base 6, what is -5451455 + -1144?
-5453043
In base 2, what is 101111 + 10111011101110001?
10111011110100000
In base 5, what is 3231 + -204132344?
-204124113
In base 8, what is -10 - 70660706?
-70660716
In base 15, what is 2 + 2a3869a?
2a3869c
In base 6, what is 245111311013 + 0?
245111311013
In base 5, what is -333024211 + 214?
-333023442
In base 10, what is 2 + 34979538?
34979540
In base 7, what is 633 - -2641545?
2642511
In base 15, what is 7 + -2cd8b5?
-2cd8ad
In base 4, what is -11 + 22213220123?
22213220112
In base 16, what is 3e4 + 2cb?
6af
In base 16, what is -4 - 28a92?
-28a96
In base 4, what is -233032032110 - -2?
-233032032102
In base 10, what is -4761243 - -10?
-4761233
In base 15, what is -270d4eed - -3?
-270d4eea
In base 8, what is 17432373362 + 2?
17432373364
In base 8, what is -1 - -160250047?
160250046
In base 6, what is 401002 + 452?
401454
In base 13, what is 61 - -39007?
39068
In base 15, what is 120a0cc7 + 0?
120a0cc7
In base 12, what is -1 + 962b71?
962b70
In base 4, what is -1022021 + -1320?
-1030001
In base 5, what is 34244 - -1223302?
1313101
In base 6, what is 514 + 20434200?
20435114
In base 4, what is 1000001100 - 330?
1000000110
In base 12, what is -431 + -1132?
-1563
In base 11, what is -9 + -5009aa0?
-5009aa9
In base 8, what is -1 - -16220243?
16220242
In base 15, what is -d0653a + 14?
-d06526
In base 6, what is -1320144 - 2414?
-1323002
In base 14, what is -9 - -61469?
61460
In base 2, what is -10 + 1000001011001011110110?
1000001011001011110100
In base 2, what is -1011001111010111010010 + 100110?
-1011001111010110101100
In base 14, what is -8ab2a - -107?
-8aa23
In base 13, what is 3 + -c03aa3?
-c03aa0
In base 11, what is 42463 - 932?
41631
In base 15, what is 159e5a - -21?
159e7b
In base 16, what is -84 + 13f104?
13f080
In base 11, what is -3aa5728 - -11a?
-3aa5609
In base 11, what is -24510 - -3776?
-20845
In base 5, what is -11 - -220030402?
220030341
In base 7, what is 4433211011 - 1?
4433211010
In base 11, what is 2 - 11337aa?
-11337a8
In base 16, what is -799928 + -20?
-799948
In base 7, what is -241514435 + -1?
-241514436
In base 3, what is 1002001102120202 + 2?
1002001102120211
In base 13, what is 2 - 3656275?
-3656273
In base 15, what is 1 + -1494e8d?
-1494e8c
In base 5, what is 334222 + -2430?
331242
In base 4, what is 221 - 1222333?
-1222112
In base 5, what is 3441434 - -1404?
3443343
In base 9, what is -206 - -125082?
124775
In base 6, what is 215503525425 + -1?
215503525424
In base 5, what is -400240242003 - 0?
-400240242003
In base 7, what is 163226 + -4045?
156151
In base 9, what is -10135 + -7874?
-18120
In base 4, what is 10 + 2233201033?
2233201103
In base 5, what is 4324 + -2314404?
-2310030
In base 10, what is -12 + 11167109?
11167097
In base 2, what is -100000010 - 100010001111010?
-100010101111100
In b